(15).
-3
Let h(f) = f**3 - f**2 + 14*f - 3. Give h(0).
-3
Let q(d) = -6*d - 19. Give q(-5).
11
Let i(z) = -8*z**3 - z**2 + z - 1. Calculate i(1).
-9
Let u(i) = -i**3 + 7*i. Give u(3).
-6
Let a(j) = -9*j - 10. Determine a(-5).
35
Let o(i) = -6*i - 6. Determine o(10).
-66
Let w(v) = v**2 - 10*v - 15. What is w(14)?
41
Let a(b) = b**2 + 5*b - 15. Calculate a(-6).
-9
Let g(m) = -m**2 - 11*m - 20. Determine g(-8).
4
Let i(g) = -8*g**3 + g**2 + g. Determine i(-1).
8
Let l(j) = 3*j + 13. What is l(2)?
19
Let l(o) = -7*o**3 + 4*o**2 + 4*o - 5. Calculate l(2).
-37
Let y(g) = g**2 + 12*g + 30. Give y(-3).
3
Let y(j) = -2*j**3 - 20*j**2 - 2*j - 22. Give y(-10).
-2
Let v(u) = -u**3 + 8*u**2 + 10*u - 12. What is v(9)?
-3
Let n(q) = q**3 + 9*q**2 - 6*q + 14. What is n(-10)?
-26
Let q(t) = -t**2 - 6*t - 1. Calculate q(-5).
4
Let u(g) = -g**3 - 4*g**2 + 12*g + 12. Calculate u(-6).
12
Let z(q) = -q**2 + 48*q - 414. What is z(37)?
-7
Let a(m) = -3*m**2 + 3*m - 5. What is a(-6)?
-131
Let i(n) = -102*n - 419. What is i(-4)?
-11
Let s(g) = -g**3 + 11*g**2 - 3*g + 26. Give s(11).
-7
Let r(x) = 37*x - 5. Determine r(-3).
-116
Let p(f) = f**2 + 7*f + 6. Calculate p(-6).
0
Let m(q) = 2*q**3 + 34*q**2 - q - 22. Give m(-17).
-5
Let p(k) = -2*k - 54. Give p(-13).
-28
Let v(h) = h**2 - 19*h - 25. Give v(20).
-5
Let l(h) = 5*h**2 + 14*h + 15. Calculate l(-2).
7
Let j(x) = -x**3 - 10*x**2 - 7*x - 53. Determine j(-10).
17
Let k(r) = 2*r**3 + 14*r**2 + 12*r + 6. Give k(-6).
6
Let s(q) = 2*q**3 - 7*q**2 + 3*q + 3. Determine s(2).
-3
Let z(x) = -x**2 + 3*x + 38. Give z(8).
-2
Let l(f) = 50*f**2 - 2*f - 1. Calculate l(-1).
51
Let d(h) = -h**3 - 5*h**2 - h + 5. Calculate d(-5).
10
Let m(l) = l**3 - 5*l**2 - 2*l - 5. Determine m(5).
-15
Let a(h) = -h - 6. What is a(-4)?
-2
Let o(i) = i**3 - 2*i**2 + i + 58. Give o(0).
58
Let u(n) = 9*n + 15. Give u(-3).
-12
Let u(b) = -4*b - 8. Give u(3).
-20
Let k(q) = q**2 + 8*q + 11. Calculate k(-8).
11
Let x(m) = 2*m**2 - 26*m + 74. Give x(10).
14
Let x(i) = -3*i**3 - 2*i**2 - 3*i - 5. Calculate x(-2).
17
Let g(y) = -6*y - 2. Calculate g(2).
-14
Let o(b) = -b + 5. What is o(14)?
-9
Let l(j) = -j**2 + 16*j - 55. Calculate l(9).
8
Let b(t) = t**3 - 2*t**2 - t - 15. Give b(4).
13
Let t(r) = r**3 - 46*r**2 + 87*r + 47. Calculate t(44).
3
Let l(r) = -6*r - 5. Calculate l(11).
-71
Let m(d) = d**2 + 10*d - 15. What is m(2)?
9
Let k(r) = 6*r**3 - 2*r**2 - 2*r + 4. What is k(1)?
6
Let f(u) = -u**3 + 10*u + 15. Calculate f(-2).
3
Let u(f) = f**2 - 17*f + 45. Determine u(4).
-7
Let f(t) = -35*t**2 - 1. Give f(1).
-36
Let n(l) = l**2 + 7*l + 2. Calculate n(-5).
-8
Let s(b) = -b - 53. What is s(0)?
-53
Let d(o) = o + 11. Give d(-14).
-3
Let n(q) = q**2 + 40*q + 130. Determine n(-36).
-14
Let w(i) = i**3 - 3*i**2 - 6*i - 14. Calculate w(5).
6
Let g(x) = -x**3 - 20*x**2 + 16*x - 106. What is g(-21)?
-1
Let g(r) = 7*r**2 - 59*r + 18. Give g(8).
-6
Let n(o) = -3*o - 46. Give n(-15).
-1
Let f(i) = 19*i + 63. Give f(-7).
-70
Let q(g) = 2*g**2 - g + 3. Determine q(6).
69
Let n(p) = -p**3 - 10*p**2 - 16*p + 3. What is n(-8)?
3
Let b(l) = -l**2 + 22*l + 42. Determine b(24).
-6
Let o(z) = -15*z + 1. Calculate o(2).
-29
Let f(s) = s**3 - 27*s**2 + 27*s - 28. What is f(26)?
-2
Let t(d) = 3*d**2 - 14*d + 37. Determine t(6).
61
Let m(s) = -s**2 - 5*s - 3. Determine m(-2).
3
Let d(u) = 7*u**2 + 3*u + 3. What is d(-2)?
25
Let x(y) = 2*y**2 + 27*y + 18. What is x(-13)?
5
Let u(k) = -2*k**2 + 33*k - 38. Calculate u(15).
7
Let s(a) = -27*a**3 - 2*a**2 - a. Give s(-1).
26
Let w(o) = -3*o**2 + 6*o - 4. What is w(4)?
-28
Let y(p) = -p**3 - 6*p**2 + 2*p + 2. What is y(-6)?
-10
Let h(i) = 5*i - 3. What is h(2)?
7
Let a(j) = j**2 - 5*j + 6. Calculate a(10).
56
Let n(x) = -8*x + 77. What is n(9)?
5
Let i(g) = 31*g + 303. What is i(-10)?
-7
Let z(m) = -2*m + 26. What is z(-7)?
40
Let j(b) = b + 18. Give j(9).
27
Let q(t) = t**3 - 3*t**2 - 4*t - 2. Give q(4).
-2
Let h(m) = -m**3 - 10*m**2 - 8*m + 9. Calculate h(-9).
0
Let w(n) = -7*n + 16. Calculate w(4).
-12
Let p(o) = 12*o + 127. Give p(-8).
31
Let x(v) = -4*v + 99. What is x(26)?
-5
Let k(g) = -6*g - 105. Determine k(-17).
-3
Let k(y) = y**2 + 8*y - 7. Determine k(-10).
13
Let p(l) = -7*l**2 - 5*l - 5. Give p(-2).
-23
Let w(g) = -g**3 - 5*g**2 + 12*g + 3. What is w(3)?
-33
Let k(d) = -15*d + 236. Determine k(16).
-4
Let b(w) = 4*w**2 + 27*w - 11. Determine b(-7).
-4
Let m(z) = z**3 + 6*z**2 + 2*z + 3. Determine m(-5).
18
Let j(n) = n**3 - 7*n**2 - 3*n + 5. Calculate j(5).
-60
Let r(q) = -9*q - 63. Calculate r(-7).
0
Let b(z) = 3*z - 4. Give b(6).
14
Let l(j) = j**3 + 15*j**2 + 52*j - 5. Give l(-6).
7
Let v(h) = -h**3 + h**2 + 8. Calculate v(4).
-40
Let j(f) = -f**3 + 10*f**2 - f - 2. What is j(10)?
-12
Let i(l) = 2*l + 1. Determine i(-4).
-7
Let j(t) = 23*t**2 - 3*t. Give j(-1).
26
Let x(g) = g**3 - 67*g**2 - 60*g - 536. Determine x(68).
8
Let q(j) = -2*j + 8. Determine q(10).
-12
Let l(d) = -d**2 + 14*d - 31. Calculate l(11).
2
Let k(l) = -l**2 + 19*l - 68. Calculate k(13).
10
Let k(w) = -11*w + 5. What is k(6)?
-61
Let c(r) = r**3 + 3*r**2 - 8*r + 11. Determine c(-5).
1
Let x(v) = 9*v**2 - 5*v + 21. Give x(3).
87
Let u(t) = 15*t + 48. Calculate u(-3).
3
Let g(y) = -y**2 + 10*y - 16. Give g(3).
5
Let u(j) = 3*j**3 - j**2 - 3*j + 2. What is u(2)?
16
Let f(y) = -y**2 - y + 25. What is f(4)?
5
Let g(f) = -15*f - 10. Give g(-7).
95
Let m(q) = -q**2 - 11*q - 2. Calculate m(-12).
-14
Let b(j) = 2*j**2 + 25*j + 2. Give b(-14).
44
Let b(l) = -l**2 + 16*l + 35. Give b(16).
35
Let i(d) = d**3 + 2*d + 15. Give i(0).
15
Let y(r) = -6*r + 67. Calculate y(7).
25
Let u(a) = 18*a. Give u(-4).
-72
Let b(k) = k**2 + 12*k + 10. Determine b(-11).
-1
Let g(y) = -2*y + 5. Determine g(4).
-3
Let a(o) = -17*o + 22. Determine a(3).
-29
Let p(d) = 11*d + 71. Determine p(-5).
16
Let r(s) = s**3 + 9*s**2 + 10*s + 9. Give r(-8).
-7
Let s(u) = u**3 - 15*u**2 + 28*u - 26. Give s(13).
0
Let u(f) = -f**3 - 2*f**2 + 2*f + 4. Give u(-3).
7
Let k(w) = -4*w - 98. Give k(-27).
10
Let b(t) = t**2 + 12*t - 41. Calculate b(-14).
-13
Let a(o) = -o**3 - 14*o**2 + 17*o + 26. What is a(-15)?
-4
Let f(s) = s**2 + 41*s + 79. Calculate f(-2).
1
Let g(m) = -11*m**3 + m**2 - 2*m - 2. What is g(-1)?
12
Let a(i) = -2*i**2 + 4*i + 5. What is a(-2)?
-11
Let h(i) = 54*i + 113. Calculate h(-2).
5
Let w(q) = -q**3 + 2*q**2 + 26*q + 40. Give w(-2).
4
Let v(m) = -7*m - 24. What is v(-4)?
4
Let a(m) = m**3 - 4*m**2 - 3*m + 12. Determine a(4).
0
Let u(m) = -m**3 - 6*m**2 + 8*m + 2. Give u(-7).
-5
Let j(l) = -l**2 + 3*l - 18. Give j(3).
-18
Let d(o) = 5*o + 48. Calculate d(-17).
-37
Let u(s) = s**2 + 18*s - 75. Calculate u(4).
13
Let s(b) = -b**3 - 14*b**2 + 4. What is s(-14)?
4
Let t(u) = -u**2 + u + 9. Calculate t(-3).
-3
Let h(a) = -a + 1. Calculate h(1).
0
Let i(w) = w**3 + 9*w**2 + 11*w + 12. Calculate i(-8).
-12
Let i(t) = -3*t + 5. Calculate i(-3).
14
Let a(q) = -6*q**2 + q. Give a(-1).
-7
Let z(v) = v**3 - 10*v**2 - 2*v + 9. Give z(10).
-11
Let o(t) = -5*t - 38. Calculate o(-7).
-3
Let r(o) = -o**3 - 6*o**2 + o + 7. Calculate r(-7).
49
Let w(h) = -h**3 - 11*h**2 + 19*h + 18. Give w(-12).
-66
Let d(v) = -4*v - 18. Calculate d(-8).
14
Let a(u) = -u**3 - 9*u**2 + 3*u - 49. Calculate a(-9).
-76
Let p(g) = -g**2 + 2*g + 12. What is p(5)?
-3
Let f(z) = z**2 - 6*z - 9. Calculate f(6).
-9
Let s(m) = -6*m + 122. Determine s(26).
-34
Let q(w) = 33*w + 9. Determine q(-3).
-90
Let j(z) = -z**2 + 9*z - 5. Give j(8).
3
Let k(u) = -11*u - 5. What is k(-7)?
72
Let g(v) = v**2 + 53*v + 546. Determine g(-14).
0
Let q(x) = -x**3 + 7*x**2 + 9*x - 12. Give q(8).
-4
Let q(j) = -9*j - 12. What is q(0)?
-12
Let a(r) = -r**3 - 8*r**2 - r + 8. What is a(-5)?
-62
Let r(b) = 2*b**2 - 15*b + 10. Calculate r(7).
3
Let w(g) = -g - 1. Determine w(2).
-3
Let g(p) = -p**3 + 5*p**2 - 7*p. Calculate g(5).
-35
Let z(h) = -h**2 + 16*h + 31. Calculate z(18).
-5
Let d(z) = -z**2 - z - 17. Determine d(0).
-17
Let x(d) = -7*d**2 - 8*d + 21. Calculate x(2).
-23
Let o(m) = -m**3 + 21*m**2 - 3*m + 48. Give o(21).
-15
Let n(r) = -75*r + 5. Calculate n(1).
-70
Let t(m) = -5*m**3 + m**2 - 2*m - 2. Determine t(-1).
6
Let a(w) = w**3 + 3*w**2 + 13*w - 3. Calculate a(0).
-3
Let t(s) = -s**2 + 20*s + 12. Determine t(17).
63
Let 